 when s(-6) is divided by a(i)?
12
Suppose 5*l - 1469 = -3*q, -3*q + 5*q + 1479 = 5*l. Suppose 4*z - 9*z + l = 0. What is the remainder when z is divided by 30?
29
Suppose 3*o = -2*s - s + 240, 402 = 5*s + 3*o. Let v = -95 + 109. What is the remainder when s is divided by v?
11
Let f be 14*(-5)/20 + (-1)/(-2). What is the remainder when (43/(-4))/(69/24 + f) is divided by 22?
20
Let l = -301 + 464. What is the remainder when 167 is divided by l?
4
Let k(o) = -o**3 - 11*o**2 + 38*o - 38. Suppose a - 12 = -5*h, 12 = -7*a + 3*a. What is the remainder when k(-14) is divided by h?
0
Let n = -819 + 837. What is the remainder when 27 is divided by n?
9
Suppose v = 3*y + 16, v = -y - y + 1. Let n(m) = 7*m + 1. Calculate the remainder when n(v) is divided by 1/2 - (-204)/8.
24
Suppose w - 11 = 13. Let l = w + -17. Let v = -8 + 11. What is the remainder when l is divided by v?
1
Suppose -146*v = -145*v - 84. Calculate the remainder when v is divided by 32.
20
Let o(x) = -2*x**3 - 4*x**2 + x + 3. Let u = 1851 + -1847. Calculate the remainder when o(-3) is divided by u.
2
Suppose 3*f = 3*h - 237, h = -3*h + 3*f + 317. What is the remainder when 239 is divided by h?
79
Suppose -2*m + 460 = 21*m. What is the remainder when 478 is divided by m?
18
Let s = -8 - -3. Suppose 9*g = 6*g + 18. Let l = g - s. What is the remainder when 31 is divided by l?
9
Let u = -127 - -225. Let v = 179 - u. Calculate the remainder when v is divided by 12.
9
Suppose -5*m + 15 = 0, -4*c + 720 + 255 = -3*m. Let k = c + -172. Calculate the remainder when k is divided by 25.
24
Suppose -8426 = 12*l - 23*l. What is the remainder when l is divided by 110?
106
Suppose -2*z = 4*k - 118, -3*z + 5*k + 291 - 70 = 0. What is the remainder when z is divided by 58?
9
Suppose -2*i + 98 = 3*s - 0*i, -4*s = -i - 116. Suppose -4*z + s = z. Suppose 15 = -32*n + 29*n, -8 = -r + n. Calculate the remainder when z is divided by r.
0
Let a(x) = -x**3 + 18*x**2 + 19*x + 8. Calculate the remainder when (3/1)/((-1)/(-10)) is divided by a(19).
6
Let o = 677 + -393. Calculate the remainder when o is divided by 48.
44
Suppose -5 = -r - 2. Let p(c) = -29*c**2 - c. Let y be p(-1). Calculate the remainder when r is divided by (-98)/y - 2/4.
0
Let t = -12 + 51. Suppose -t + 7 = -4*h. Calculate the remainder when h is divided by 3.
2
Suppose 0 = 5*g - l - 16 - 29, -3*g + l = -29. Suppose 0 = d + d - g. Suppose -d*x + 45 = x. What is the remainder when 35 is divided by x?
8
Let h = 120 + -78. Let s(k) = -2*k**3 - 15*k**2 - 32*k - 158. What is the remainder when h is divided by s(-7)?
8
Let h(s) = -14*s - 7. Let c(o) = -o**2 + 4 - 9*o + 0 - 6. Calculate the remainder when h(-2) is divided by c(-8).
3
What is the remainder when (-5)/(35/(-658)) + 3 is divided by 49?
48
Suppose -2*k + 50 = -i + 5*i, 4*i = 0. Suppose 0 = -n + 6*n - k. Suppose 119 = n*d + l - 14, 3*d - 84 = -2*l. What is the remainder when 50 is divided by d?
24
Suppose 3*a = 43 - 10. Let q be (-2 - -1)*(2 + 0). Calculate the remainder when (-129)/(-6) + q/4 is divided by a.
10
Let s(b) = b**2 + 21*b - 71. Calculate the remainder when 2028 is divided by s(-25).
27
Let k(n) = -n**3 - 9*n**2 - 18*n + 6. Let b(f) = f + 1. Calculate the remainder when b(8) is divided by k(-6).
3
Suppose 3*n - 73 = -2*m, 0*m + 69 = 4*n - 3*m. Let t = 17 + n. Calculate the remainder when t is divided by 10.
8
Let s be (-15)/(-25) + (-1527)/(-5). Suppose -99 + s = 9*a. What is the remainder when a is divided by 6?
5
Suppose 5*b - 273 = 2*k, -4*b - b = -4*k - 281. Suppose -4*u = 3*j - 14, j - 1 - 7 = -2*u. Calculate the remainder when b is divided by 0 - -16 - (6 - (2 - j)).
11
Suppose 70 = z + 4*z. Suppose z = s + 4*s + 2*v, 4*v - 12 = -2*s. Let b(q) = 24*q. Calculate the remainder when b(s) is divided by 17.
14
Let l be (3 + -4 - -4)*1. Suppose -10*g + 2 = -h - 13*g, 3*h = -l*g. Suppose 5*x - 4*o = 26, -2*o = 7*x - 3*x. Calculate the remainder when x is divided by h.
0
Let a = 567 + -562. What is the remainder when 50 is divided by a?
0
Suppose 0 = 3*f + 8*x - 4*x - 27, 0 = -4*x. What is the remainder when 11 is divided by f?
2
Let k(c) = c + 18. Let d be k(-10). Suppose -d*q = -2*q - 150. Suppose -h - h + 40 = -4*z, 0 = 3*h - 5*z - 57. What is the remainder when q is divided by h?
11
Let y(j) = -7*j**2 + 2*j - 1. Let n be y(1). Let q be ((-2)/4)/(1/n). Let d(g) = 5*g**2 + g - 3. What is the remainder when d(q) is divided by 12?
9
Let u = 45 + 12. What is the remainder when u is divided by (-6)/12 + (-61)/(-2)?
27
Let h(g) = g**2 - 10*g + 17. Let l be h(10). Suppose 27 = k - l. Calculate the remainder when k is divided by 23.
21
Let h(r) = -r**3 + 5*r**2 - 4*r. Let s be h(4). Let o be (s + 110)*(2 + 0). Calculate the remainder when 0/1 - o/(-4) is divided by 14.
13
Let q = 14 - 10. Let x be (q/6)/((-4)/108). What is the remainder when (-2)/(-1)*(-261)/x is divided by 11?
7
Let u(a) be the third derivative of -a**6/120 + 11*a**5/60 + 13*a**4/24 + a**3/6 + 6*a**2. Calculate the remainder when 33 is divided by u(12).
7
Suppose 0 = -5*i - 0*i + 580. Suppose 91*a - 54*a + 741 = 56*a. Calculate the remainder when i is divided by a.
38
Suppose -4*f + 7 = 15. Let a(z) = -17*z - 2. What is the remainder when 61 is divided by a(f)?
29
Let j be (22/(-6))/(1/(-3)). Suppose -4 = -j*u + 18. Calculate the remainder when 6 is divided by u.
0
Suppose c = 9 + 31. Suppose v - c = -3*v. What is the remainder when 48 is divided by v?
8
Let l(i) = 54*i - 192. Calculate the remainder when 587 is divided by l(4).
11
Suppose -6 = 5*b - 16. Let w(s) = s + 1 + 8*s**2 - 6*s + s + b. Calculate the remainder when w(3) is divided by 16.
15
Suppose 2*g = 16 + 14. Let c = -15 - -18. Suppose -4*i = 5*n - 2*n - 33, n + 15 = c*i. Calculate the remainder when g is divided by i.
3
Suppose 663 = 10*v + 413. Calculate the remainder when 62 is divided by v.
12
Let z = 1007 + -401. Calculate the remainder when z is divided by 38.
36
Suppose 30*d - 756 = 18*d. Calculate the remainder when d is divided by 22.
19
Suppose -157 = -18*o + 77. What is the remainder when o is divided by 2?
1
Let z = 392 - 204. Suppose -5*p + 141 = 3*b - z, 3*b - 325 = -4*p. What is the remainder when b is divided by 26?
25
Suppose -v - 2*v = -4*z - 16, 3*z + 15 = 3*v. Let p(b) = -4*b**2 - 3 + 7*b + 8 - 5*b + b**3 + 2*b. What is the remainder when 39 is divided by p(v)?
18
What is the remainder when (196 - 4) + 20/(-5) is divided by 64?
60
Let z(l) = -6 + 5 + 4*l - 8. Let v = -108 - -165. Calculate the remainder when v is divided by z(6).
12
Suppose 4*i = -5 + 25, 0 = -5*d + i + 195. What is the remainder when 53 is divided by d?
13
Suppose -4*a + 387 = m, 5*m = 5*a - 482 - 33. Let v = a + -67. Calculate the remainder when v is divided by 21.
10
Suppose 10*i = 11*i - 3*y - 30, 2*i + 4*y - 10 = 0. What is the remainder when 597 is divided by i?
12
Let g = -10 - -1. Let z be (33/g)/((-3)/9). Suppose z*q - 8*q = 39. What is the remainder when q is divided by 4?
1
Let q(h) be the third derivative of -5*h**4/24 - h**3/2 + 8*h**2. What is the remainder when 32 is divided by q(-4)?
15
What is the remainder when 351 is divided by -2 - (-418)/18 - (-2)/(-9)?
15
Let w(z) be the first derivative of -z**4/4 + 2*z**3 + 3*z**2 - 6*z + 12. Calculate the remainder when w(5) is divided by 25.
24
Let f(z) = z + 14. Let n be 7 + 4/(-8)*0. Calculate the remainder when 60 is divided by f(n).
18
Suppose 2*o - 3*o = 0, -5*o = -3*g - 39. Let j(p) = -p**3 - 11*p**2 + 20*p + 15. What is the remainder when j(g) is divided by 12?
9
Let c(b) = b**3 + 3*b**2 + b. Let h be c(-4). Let p be 6/5*h/6. What is the remainder when 132/((-12)/p) - -1 is divided by 16?
13
Suppose 3 + 6 = 3*p. Suppose p*u = -u. Suppose -2*r = 5*z - u*z - 49, -4*z + 46 = 5*r. What is the remainder when 13 is divided by z?
4
Suppose -2*p = 2*u - 3*u + 29, u = -5*p + 15. Calculate the remainder when 47 is divided by u.
22
Let v(p) = -p - 2. Let g be v(-6). Let c be 14/(-10) - ((-21)/15 + 2). Let k = g - c. Calculate the remainder when 16 is divided by k.
4
What is the remainder when 24 is divided by (-94)/(-18) + (-6)/27?
4
Suppose s + 52 = r, 29 = -r + 2*s + 83. What is the remainder when r is divided by 29?
21
Let v(r) = 2*r**3 + 37*r**2 - 212*r - 45. Let z = -12 + 20. Calculate the remainder w